{"id":32,"date":"2017-01-09T18:03:28","date_gmt":"2017-01-09T18:03:28","guid":{"rendered":"http:\/\/premiopedromatos.ipleiria.pt\/?page_id=32"},"modified":"2017-01-09T18:03:28","modified_gmt":"2017-01-09T18:03:28","slug":"edicoes","status":"publish","type":"page","link":"https:\/\/premiopedromatos.ipleiria.pt\/ppm23\/edicoes\/","title":{"rendered":"Edi\u00e7\u00f5es"},"content":{"rendered":"\n<div class=\"container\" style=\"margin-bottom: 30px\">\n<h2 class=\"entry-title h-text-center\">Edi\u00e7\u00f5es Anteriores do Pr\u00e9mio Pedro Matos<\/h2>\n\t\n\n\n<!-- LINE -->\n<div class=\"row\" style=\"margin-top: 60px\">\n<div class=\"col-md-4 text-center\">\n<a href=\"http:\/\/premiopedromatos.ipleiria.pt\/ppm22\/\" target=\"_blank\" rel=\"noopener noreferrer\">\n<p><span class=\"text-semi-bold\" style=\"font-size: 1.2rem\">14.\u00aa Edi\u00e7\u00e3o<\/span> (2021\/2022)<\/p>\n<p><img decoding=\"async\" src=\"https:\/\/premiopedromatos.ipleiria.pt\/ppm23\/files\/2022\/01\/Miniatura.png\" alt=\"cartaz 14\u00aa edi\u00e7\u00e3o\"><\/p>\n<\/a>\n<\/div>\n<div class=\"col-md-4 text-center\">\n<a href=\"http:\/\/premiopedromatos.ipleiria.pt\/ppm21\/\" target=\"_blank\" rel=\"noopener noreferrer\">\n<p><span class=\"text-semi-bold\" style=\"font-size: 1.2rem\">13.\u00aa Edi\u00e7\u00e3o<\/span> (2020\/2021)<\/p>\n<p><img decoding=\"async\" src=\"\/\/premiopedromatos.ipleiria.pt\/files\/2021\/02\/Poster2021_Miniatura.png\" alt=\"cartaz 13\u00aa edi\u00e7\u00e3o\"><\/p>\n<\/a>\n<\/div>\n<div class=\"col-md-4 text-center\">\n<a href=\"http:\/\/premiopedromatos.ipleiria.pt\/ppm20\/\" target=\"_blank\" rel=\"noopener noreferrer\">\n<p><span class=\"text-semi-bold\" style=\"font-size: 1.2rem\">12.\u00aa Edi\u00e7\u00e3o<\/span> (2019\/2020)<\/p>\n<p><img decoding=\"async\" src=\"\/\/premiopedromatos.ipleiria.pt\/files\/2019\/11\/PosterPPM19-20_small.png\" alt=\"cartaz 12\u00aa edi\u00e7\u00e3o\"><\/p>\n<\/a>\n<\/div>\n<\/div>\n<!-- \/\\\/LINE -->\n<!-- LINE -->\n<div class=\"row\" style=\"margin-top: 60px\">\n<div class=\"col-md-4 text-center\">\n<a href=\"http:\/\/premiopedromatos.ipleiria.pt\/ppm19\/\" target=\"_blank\" rel=\"noopener noreferrer\">\n<p><span class=\"text-semi-bold\" style=\"font-size: 1.2rem\">11.\u00aa Edi\u00e7\u00e3o<\/span> (2018\/2019)<\/p>\n<p><img decoding=\"async\" src=\"https:\/\/premiopedromatos.ipleiria.pt\/files\/2019\/05\/ppm_v6_cartaz__web.png\" alt=\"cartaz 11\u00aa edi\u00e7\u00e3o\"><\/p>\n<\/a>\n<\/div>\n<div class=\"col-md-4 text-center\">\n<a href=\"http:\/\/premiopedromatos.ipleiria.pt\/ppm18\/\" target=\"_blank\" rel=\"noopener noreferrer\">\n<p><span class=\"text-semi-bold\" style=\"font-size: 1.2rem\">10.\u00aa Edi\u00e7\u00e3o<\/span> (2017\/2018)<\/p>\n<p><img decoding=\"async\" src=\"https:\/\/premiopedromatos.ipleiria.pt\/ppm23\/files\/2017\/12\/PosterPPM2018web_small.png\" alt=\"cartaz 10\u00aa edi\u00e7\u00e3o\"><\/p>\n<\/a>\n<\/div>\n<div class=\"col-md-4 text-center\">\n<a href=\"http:\/\/premiopedromatos.ipleiria.pt\/ppm17\/\" target=\"_blank\" rel=\"noopener noreferrer\">\n<p><span class=\"text-semi-bold\" style=\"font-size: 1.2rem\">9.\u00aa Edi\u00e7\u00e3o<\/span> (2016\/2017)<\/p>\n<p><img decoding=\"async\" src=\"https:\/\/premiopedromatos.ipleiria.pt\/ppm23\/files\/2017\/03\/CartazPPM2017_sp.png\" alt=\"cartaz 9\u00aa edi\u00e7\u00e3o\"><\/p>\n<\/a>\n<\/div>\n<\/div>\n<!-- \/\\\/LINE -->\n<!-- LINE -->\n<div class=\"row\" style=\"margin-top: 60px\">\n<div class=\"col-md-4 text-center\">\n<a href=\"http:\/\/premiopedromatos.ipleiria.pt\/files\/old\/ppm8\/index.html\" target=\"_blank\" rel=\"noopener noreferrer\">\n<p><span class=\"text-semi-bold\" style=\"font-size: 1.2rem\">8.\u00aa Edi\u00e7\u00e3o<\/span> (2015\/2016)<\/p>\n<p><img decoding=\"async\" src=\"https:\/\/premiopedromatos.ipleiria.pt\/ppm23\/files\/2017\/01\/cartazPPM8.jpg\" alt=\"cartaz 8\u00aa edi\u00e7\u00e3o\"><\/p>\n<\/a>\n<\/div>\n<div class=\"col-md-4 text-center\">\n<a href=\"http:\/\/premiopedromatos.ipleiria.pt\/files\/old\/ppm7\/index.html\" target=\"_blank\" rel=\"noopener noreferrer\">\n<p><span class=\"text-semi-bold\" style=\"font-size: 1.2rem\">7.\u00aa Edi\u00e7\u00e3o<\/span> (2014\/2015)<\/p>\n<p><img decoding=\"async\" src=\"https:\/\/premiopedromatos.ipleiria.pt\/ppm23\/files\/2017\/01\/cartazPPM7.jpg\" alt=\"cartaz 7\u00aa edi\u00e7\u00e3o\"><\/p>\n<\/a>\n<\/div>\n<div class=\"col-md-4 text-center\">\n<a href=\"http:\/\/premiopedromatos.ipleiria.pt\/files\/old\/ppm6\/index.html\" target=\"_blank\" rel=\"noopener noreferrer\">\n<p><span class=\"text-semi-bold\" style=\"font-size: 1.2rem\">6.\u00aa Edi\u00e7\u00e3o<\/span> (2013\/2014)<\/p>\n<p><img decoding=\"async\" src=\"https:\/\/premiopedromatos.ipleiria.pt\/ppm23\/files\/2017\/01\/cartazPPM6.png\" alt=\"cartaz 6\u00aa edi\u00e7\u00e3o\"><\/p>\n<\/a>\n<\/div>\n<\/div>\n<!-- \/\\\/LINE -->\n<!-- LINE -->\n<div class=\"row\" style=\"margin-top: 60px\">\n<div class=\"col-md-4 text-center\">\n<a href=\"http:\/\/premiopedromatos.ipleiria.pt\/files\/old\/ppm5\/index.html\" target=\"_blank\" rel=\"noopener noreferrer\">\n<p><span class=\"text-semi-bold\" style=\"font-size: 1.2rem\">5.\u00aa Edi\u00e7\u00e3o<\/span> (2012\/2013)<\/p>\n<p><img decoding=\"async\" src=\"https:\/\/premiopedromatos.ipleiria.pt\/ppm23\/files\/2017\/01\/cartazPPM5.jpg\" alt=\"cartaz 5\u00aa edi\u00e7\u00e3o\"><\/p>\n<\/a>\n<\/div>\n<div class=\"col-md-4 text-center\">\n<a href=\"http:\/\/premiopedromatos.ipleiria.pt\/files\/old\/ppm4\/index.html\" target=\"_blank\" rel=\"noopener noreferrer\">\n<p><span class=\"text-semi-bold\" style=\"font-size: 1.2rem\">4.\u00aa Edi\u00e7\u00e3o<\/span> (2011\/2012)<\/p>\n<p><img decoding=\"async\" src=\"https:\/\/premiopedromatos.ipleiria.pt\/ppm23\/files\/2017\/01\/cartazPPM4.jpg\" alt=\"cartaz 4\u00aa edi\u00e7\u00e3o\"><\/p>\n<\/a>\n<\/div>\n<div class=\"col-md-4 text-center\">\n<a href=\"http:\/\/premiopedromatos.ipleiria.pt\/files\/old\/ppm3\/index.html\" target=\"_blank\" rel=\"noopener noreferrer\">\n<p><span class=\"text-semi-bold\" style=\"font-size: 1.2rem\">3.\u00aa Edi\u00e7\u00e3o<\/span> (2010\/2011)<\/p>\n<p><img decoding=\"async\" src=\"https:\/\/premiopedromatos.ipleiria.pt\/ppm23\/files\/2017\/01\/cartazPPM3.jpg\" alt=\"cartaz 3\u00aa edi\u00e7\u00e3o\"><\/p>\n<\/a>\n<\/div>\n\n<\/div>\n<!-- \/\\\/LINE -->\n<!-- LINE -->\n<div class=\"row\" style=\"margin-top: 60px\">\n<div class=\"col-md-4 text-center\">\n<a href=\"http:\/\/premiopedromatos.ipleiria.pt\/files\/old\/ppm2\/index.html\" target=\"_blank\" rel=\"noopener noreferrer\">\n<p><span class=\"text-semi-bold\" style=\"font-size: 1.2rem\">2.\u00aa Edi\u00e7\u00e3o<\/span> (2009\/2010)<\/p>\n<p><img decoding=\"async\" src=\"https:\/\/premiopedromatos.ipleiria.pt\/ppm23\/files\/2017\/01\/cartazPPM2.jpg\" alt=\"cartaz 2\u00aa edi\u00e7\u00e3o\"><\/p>\n<\/a>\n<\/div>\n<div class=\"col-md-4 text-center\">\n<a href=\"http:\/\/premiopedromatos.ipleiria.pt\/files\/old\/ppm1\/index.html\" target=\"_blank\" rel=\"noopener noreferrer\">\n<p><span class=\"text-semi-bold\" style=\"font-size: 1.2rem\">1.\u00aa Edi\u00e7\u00e3o<\/span> (2008\/2009)<\/p>\n<p><img decoding=\"async\" src=\"https:\/\/premiopedromatos.ipleiria.pt\/ppm23\/files\/2017\/01\/cartazPPM1.jpg\" alt=\"cartaz 1\u00aa edi\u00e7\u00e3o\"><\/p>\n<\/a>\n<\/div>\n<\/div>\n<!-- \/\\\/LINE -->\n\n<\/div>\n","protected":false},"excerpt":{"rendered":"<p>Edi\u00e7\u00f5es Anteriores do Pr\u00e9mio Pedro Matos 14.\u00aa Edi\u00e7\u00e3o (2021\/2022) 13.\u00aa Edi\u00e7\u00e3o (2020\/2021) 12.\u00aa Edi\u00e7\u00e3o (2019\/2020) 11.\u00aa Edi\u00e7\u00e3o (2018\/2019) 10.\u00aa Edi\u00e7\u00e3o (2017\/2018) 9.\u00aa Edi\u00e7\u00e3o (2016\/2017) 8.\u00aa Edi\u00e7\u00e3o (2015\/2016) 7.\u00aa Edi\u00e7\u00e3o (2014\/2015)<\/p>\n<div class=\"more-link-container\"> [&hellip;]<\/div>\n<p> <span class=\"more-text\">[+]<\/span><\/p>\n","protected":false},"author":5744,"featured_media":0,"parent":0,"menu_order":0,"comment_status":"closed","ping_status":"closed","template":"","meta":{"footnotes":""},"class_list":["post-32","page","type-page","status-publish","hentry"],"_links":{"self":[{"href":"https:\/\/premiopedromatos.ipleiria.pt\/ppm23\/wp-json\/wp\/v2\/pages\/32","targetHints":{"allow":["GET"]}}],"collection":[{"href":"https:\/\/premiopedromatos.ipleiria.pt\/ppm23\/wp-json\/wp\/v2\/pages"}],"about":[{"href":"https:\/\/premiopedromatos.ipleiria.pt\/ppm23\/wp-json\/wp\/v2\/types\/page"}],"author":[{"embeddable":true,"href":"https:\/\/premiopedromatos.ipleiria.pt\/ppm23\/wp-json\/wp\/v2\/users\/5744"}],"replies":[{"embeddable":true,"href":"https:\/\/premiopedromatos.ipleiria.pt\/ppm23\/wp-json\/wp\/v2\/comments?post=32"}],"version-history":[{"count":0,"href":"https:\/\/premiopedromatos.ipleiria.pt\/ppm23\/wp-json\/wp\/v2\/pages\/32\/revisions"}],"wp:attachment":[{"href":"https:\/\/premiopedromatos.ipleiria.pt\/ppm23\/wp-json\/wp\/v2\/media?parent=32"}],"curies":[{"name":"wp","href":"https:\/\/api.w.org\/{rel}","templated":true}]}}